{"id":4570,"date":"2023-09-28T14:33:01","date_gmt":"2023-09-28T12:33:01","guid":{"rendered":"http:\/\/www.majila.it\/?page_id=4570"},"modified":"2024-02-02T01:55:57","modified_gmt":"2024-02-02T00:55:57","slug":"elementor-4570","status":"publish","type":"page","link":"https:\/\/www.majila.it\/?page_id=4570","title":{"rendered":"Elementor #4570"},"content":{"rendered":"\t\t<div data-elementor-type=\"wp-page\" data-elementor-id=\"4570\" class=\"elementor elementor-4570\">\n\t\t\t\t\t\t<section class=\"elementor-section elementor-top-section elementor-element elementor-element-076e5f9 elementor-section-boxed elementor-section-height-default elementor-section-height-default\" data-id=\"076e5f9\" data-element_type=\"section\" data-e-type=\"section\">\n\t\t\t\t\t\t<div class=\"elementor-container elementor-column-gap-default\">\n\t\t\t\t\t<div class=\"elementor-column elementor-col-100 elementor-top-column elementor-element elementor-element-533a8cb\" data-id=\"533a8cb\" data-element_type=\"column\" data-e-type=\"column\">\n\t\t\t<div class=\"elementor-widget-wrap\">\n\t\t\t\t\t\t\t<\/div>\n\t\t<\/div>\n\t\t\t\t\t<\/div>\n\t\t<\/section>\n\t\t\t\t<section class=\"elementor-section elementor-top-section elementor-element elementor-element-7bf7be9 elementor-section-boxed elementor-section-height-default elementor-section-height-default\" data-id=\"7bf7be9\" data-element_type=\"section\" data-e-type=\"section\">\n\t\t\t\t\t\t<div class=\"elementor-container elementor-column-gap-default\">\n\t\t\t\t\t<div class=\"elementor-column elementor-col-100 elementor-top-column elementor-element elementor-element-bcf6187\" data-id=\"bcf6187\" data-element_type=\"column\" data-e-type=\"column\">\n\t\t\t<div class=\"elementor-widget-wrap elementor-element-populated\">\n\t\t\t\t\t\t<div class=\"elementor-element elementor-element-b0b2d4d elementor-widget elementor-widget-image\" data-id=\"b0b2d4d\" data-element_type=\"widget\" data-e-type=\"widget\" data-widget_type=\"image.default\">\n\t\t\t\t<div class=\"elementor-widget-container\">\n\t\t\t\t\t\t\t\t\t\t\t\t\t\t\t<img fetchpriority=\"high\" decoding=\"async\" width=\"1024\" height=\"1024\" src=\"https:\/\/www.majila.it\/wp-content\/uploads\/2024\/02\/La-storia-del-turbante-1024x1024.png\" class=\"attachment-large size-large wp-image-4892\" alt=\"\" srcset=\"https:\/\/www.majila.it\/wp-content\/uploads\/2024\/02\/La-storia-del-turbante-1024x1024.png 1024w, https:\/\/www.majila.it\/wp-content\/uploads\/2024\/02\/La-storia-del-turbante-300x300.png 300w, https:\/\/www.majila.it\/wp-content\/uploads\/2024\/02\/La-storia-del-turbante-150x150.png 150w, https:\/\/www.majila.it\/wp-content\/uploads\/2024\/02\/La-storia-del-turbante-768x768.png 768w, https:\/\/www.majila.it\/wp-content\/uploads\/2024\/02\/La-storia-del-turbante-600x600.png 600w, https:\/\/www.majila.it\/wp-content\/uploads\/2024\/02\/La-storia-del-turbante-100x100.png 100w, https:\/\/www.majila.it\/wp-content\/uploads\/2024\/02\/La-storia-del-turbante.png 1080w\" sizes=\"(max-width: 1024px) 100vw, 1024px\" \/>\t\t\t\t\t\t\t\t\t\t\t\t\t\t\t<\/div>\n\t\t\t\t<\/div>\n\t\t\t\t<div class=\"elementor-element elementor-element-0973651 elementor-widget elementor-widget-text-editor\" data-id=\"0973651\" data-element_type=\"widget\" data-e-type=\"widget\" data-widget_type=\"text-editor.default\">\n\t\t\t\t<div class=\"elementor-widget-container\">\n\t\t\t\t\t\t\t\t\t<p>La storia del turbante \u00e8 molto antica, particolare e ricca di orgoglio. \u00c8 forse l&#8217;unico capo di abbigliamento ad avere tanti nomi e a offrire svariati modi di essere indossato, inoltre, \u00e8 l&#8217;unico capo per il quale sono stati fatti sacrifici per mantenerne vivo l\u2019utilizzo. Capo di ornamento per diverse culture, si stima che fosse utilizzato gi\u00e0 dal 1000 avanti Cristo.<\/p><p>\u00a0Simbolo di vittoria, rispetto e grande lustro, era indossato principalmente dai Re ed era decorato infatti con preziosi diamanti. Anche nella Bibbia troviamo frasi che fanno spesso riferimento a questo capo ritenuto sacro e che simboleggiava la connessione con Dio.\u00a0<\/p><p>In alcuni versi del Corano si dice che gli angeli indossassero un turbante per proteggere la loro testa e donare bellezza al viso.\u00a0<\/p><p>Diversi artisti famosi hanno dedicato incantevoli dipinti a questo capo. Ad oggi il turbante \u00e8 moda e pu\u00f2 rappresentarci, indossiamolo con orgoglio e fierezza, sentendoci liberi di essere ci\u00f2 che siamo, perch\u00e9 oltre le pieghe di un turbante, c&#8217;\u00e8 una storia antica, c&#8217;\u00e8 arte, c&#8217;\u00e8 moda, ci siamo Noi!<\/p>\t\t\t\t\t\t\t\t<\/div>\n\t\t\t\t<\/div>\n\t\t\t\t\t<\/div>\n\t\t<\/div>\n\t\t\t\t\t<\/div>\n\t\t<\/section>\n\t\t\t\t<\/div>\n\t\t","protected":false},"excerpt":{"rendered":"<p>La storia del turbante \u00e8 molto antica, particolare e ricca di orgoglio. \u00c8 forse l&#8217;unico capo di abbigliamento ad avere tanti nomi e a offrire svariati modi di essere indossato, inoltre, \u00e8 l&#8217;unico capo per il quale sono stati fatti sacrifici per mantenerne vivo l\u2019utilizzo. Capo di ornamento per diverse culture, si stima che fosse [&hellip;]<\/p>\n","protected":false},"author":1,"featured_media":0,"parent":0,"menu_order":0,"comment_status":"closed","ping_status":"closed","template":"","meta":{"_uag_custom_page_level_css":"","site-sidebar-layout":"no-sidebar","site-content-layout":"page-builder","ast-site-content-layout":"default","site-content-style":"default","site-sidebar-style":"default","ast-global-header-display":"","ast-banner-title-visibility":"","ast-main-header-display":"","ast-hfb-above-header-display":"","ast-hfb-below-header-display":"","ast-hfb-mobile-header-display":"","site-post-title":"disabled","ast-breadcrumbs-content":"","ast-featured-img":"disabled","footer-sml-layout":"","theme-transparent-header-meta":"","adv-header-id-meta":"","stick-header-meta":"","header-above-stick-meta":"","header-main-stick-meta":"","header-below-stick-meta":"","astra-migrate-meta-layouts":"set","ast-page-background-enabled":"default","ast-page-background-meta":{"desktop":{"background-color":"","background-image":"","background-repeat":"repeat","background-position":"center center","background-size":"auto","background-attachment":"scroll","background-type":"","background-media":"","overlay-type":"","overlay-color":"","overlay-opacity":"","overlay-gradient":""},"tablet":{"background-color":"","background-image":"","background-repeat":"repeat","background-position":"center center","background-size":"auto","background-attachment":"scroll","background-type":"","background-media":"","overlay-type":"","overlay-color":"","overlay-opacity":"","overlay-gradient":""},"mobile":{"background-color":"","background-image":"","background-repeat":"repeat","background-position":"center center","background-size":"auto","background-attachment":"scroll","background-type":"","background-media":"","overlay-type":"","overlay-color":"","overlay-opacity":"","overlay-gradient":""}},"ast-content-background-meta":{"desktop":{"background-color":"var(--ast-global-color-5)","background-image":"","background-repeat":"repeat","background-position":"center center","background-size":"auto","background-attachment":"scroll","background-type":"","background-media":"","overlay-type":"","overlay-color":"","overlay-opacity":"","overlay-gradient":""},"tablet":{"background-color":"var(--ast-global-color-5)","background-image":"","background-repeat":"repeat","background-position":"center center","background-size":"auto","background-attachment":"scroll","background-type":"","background-media":"","overlay-type":"","overlay-color":"","overlay-opacity":"","overlay-gradient":""},"mobile":{"background-color":"var(--ast-global-color-5)","background-image":"","background-repeat":"repeat","background-position":"center center","background-size":"auto","background-attachment":"scroll","background-type":"","background-media":"","overlay-type":"","overlay-color":"","overlay-opacity":"","overlay-gradient":""}},"footnotes":""},"class_list":["post-4570","page","type-page","status-publish","hentry"],"jetpack_sharing_enabled":true,"uagb_featured_image_src":{"full":false,"thumbnail":false,"medium":false,"medium_large":false,"large":false,"1536x1536":false,"2048x2048":false,"woocommerce_thumbnail":false,"woocommerce_single":false,"woocommerce_gallery_thumbnail":false},"uagb_author_info":{"display_name":"paolosar25","author_link":"https:\/\/www.majila.it\/?author=1"},"uagb_comment_info":0,"uagb_excerpt":"La storia del turbante \u00e8 molto antica, particolare e ricca di orgoglio. \u00c8 forse l&#8217;unico capo di abbigliamento ad avere tanti nomi e a offrire svariati modi di essere indossato, inoltre, \u00e8 l&#8217;unico capo per il quale sono stati fatti sacrifici per mantenerne vivo l\u2019utilizzo. Capo di ornamento per diverse culture, si stima che fosse&hellip;","_links":{"self":[{"href":"https:\/\/www.majila.it\/index.php?rest_route=\/wp\/v2\/pages\/4570","targetHints":{"allow":["GET"]}}],"collection":[{"href":"https:\/\/www.majila.it\/index.php?rest_route=\/wp\/v2\/pages"}],"about":[{"href":"https:\/\/www.majila.it\/index.php?rest_route=\/wp\/v2\/types\/page"}],"author":[{"embeddable":true,"href":"https:\/\/www.majila.it\/index.php?rest_route=\/wp\/v2\/users\/1"}],"replies":[{"embeddable":true,"href":"https:\/\/www.majila.it\/index.php?rest_route=%2Fwp%2Fv2%2Fcomments&post=4570"}],"version-history":[{"count":10,"href":"https:\/\/www.majila.it\/index.php?rest_route=\/wp\/v2\/pages\/4570\/revisions"}],"predecessor-version":[{"id":4895,"href":"https:\/\/www.majila.it\/index.php?rest_route=\/wp\/v2\/pages\/4570\/revisions\/4895"}],"wp:attachment":[{"href":"https:\/\/www.majila.it\/index.php?rest_route=%2Fwp%2Fv2%2Fmedia&parent=4570"}],"curies":[{"name":"wp","href":"https:\/\/api.w.org\/{rel}","templated":true}]}}